{"id":1611,"date":"2023-12-02T09:57:45","date_gmt":"2023-12-02T08:57:45","guid":{"rendered":"https:\/\/www.carduccigaeta.edu.it\/scuola\/?page_id=1611"},"modified":"2023-12-27T17:44:22","modified_gmt":"2023-12-27T16:44:22","slug":"cookie-police","status":"publish","type":"page","link":"https:\/\/www.carduccigaeta.edu.it\/scuola\/?page_id=1611","title":{"rendered":"Cookie Police"},"content":{"rendered":"<p>Cookie Policy<br \/>\nSito web: https:\/\/www.carduccigaeta.edu.it\/\/<\/p>\n<p>Politica Sui Cookie:<\/p>\n<p>Il sito web sul dominio https:\/\/www.carduccigaeta.edu.it\/ NON UTILIZZA Cookie di terze parti, utilizza solo Cookie tecnici che non richiedono il consenso.<\/p>\n<p>Cookie tecnici che non richiedono consenso<\/p>\n<p>I cookie cosiddetti \u201ctecnici\u201d, per i quali non \u00e8 richiesto alcun consenso al loro trattamento, sono da considerarsi i seguenti:<\/p>\n<p>a) Cookie relativi ad attivit\u00e0 strettamente necessarie al funzionamento del sito e all\u2019erogazione del servizio: sono cookie volti a garantire la normale navigazione del sito. Nella maggior parte dei casi si tratta di cookie di sessione.<\/p>\n<p>b) Cookie di funzionalit\u00e0, relativi ad attivit\u00e0 di ottimizzazione: sono cookie che permettono all\u2019utente di navigare sul sito in funzione dei criteri selezionati (come ad esempio la lingua, la valuta, il contenuto del carrello durante gli acquisti online) al fine di consentire la fruizione dei servizi resi e\/o di migliorarli. Nella maggior parte dei casi si tratta di cookie che hanno una durata massima di 365 giorni.<\/p>\n<p>Tutti i cookie tecnici non richiedono consenso, perci\u00f2 vengono installati automaticamente a seguito dell\u2019accesso al sito e non vengono utilizzati per scopi ulteriori.<\/p>\n<p>Politica Sui Cookie di siti esterni:<\/p>\n<p>Alcuni servizi quali:<\/p>\n<p>Calendario Eventi;<br \/>\nAlbo online;<br \/>\nAmministrazione Trasparente;<br \/>\nRegistro Elettronico.<br \/>\nRimandano a domini esterni non sotto controllo diretto dell\u2019istituto, pertanto l\u2019utente \u00e8 tenuto a dare o negare il consenso in base a quanto predisposto da tali siti esterni secondo le rispettive Politiche Sui Cookie e le normative vigenti.<\/p>\n<p>Verifica se un sito web usa cookies?<\/p>\n<p>Puoi verificare se un sito web utilizza e memorizza cookies in due modi:<\/p>\n<p>Uno \u00e8 controllando manualmente utilizzando le impostazioni del browser e l\u2019altro utilizzando un cookie checker online.<\/p>\n<p>Puoi controllare i cookie su un sito Web utilizzando la console per sviluppatori di tutti i principali browser, come Google Chrome, Safari, Microsoft Edge, Mozilla Firefox e Opera. Per saperne di pi\u00f9 cerca su google la modalit\u00e0 su come fare.<\/p>\n<p>L\u2019altro metodo consiste nell\u2019utilizzare uno scanner di cookie online che eseguir\u00e0 la scansione del tuo sito Web alla ricerca di cookie e li identificher\u00e0. Sono molto meglio dei metodi manuali perch\u00e9 sono veloci e non devi preoccuparti di categorizzare i cookie. Per saperne di pi\u00f9 cerca su google la modalit\u00e0 su come fare.<\/p>\n<p>A titolo esclusivamente informativo, riportiamo di seguito informazioni dettagliate sui cookies:<\/p>\n<p>Che cos\u2019\u00e8 un cookie?<\/p>\n<p>Cookie del browser:<\/p>\n<p>I cookie sono porzioni di informazioni che il sito Web inserisce nel tuo dispositivo di navigazione quando visiti una pagina. Possono comportare la trasmissione di informazioni tra il sito Web e il tuo dispositivo, e tra quest\u2019ultimo e altri siti che operano per conto nostro o in privato, conformemente a quanto stabilito nella rispettiva Informativa sulla privacy. Possiamo utilizzare i cookie per riunire le informazioni che raccogliamo su di te. Puoi decidere di ricevere un avviso ogni volta che viene inviato un cookie o di disabilitare tutti i cookie modificando le impostazioni del browser. Disabilitando i cookie, tuttavia, alcuni dei nostri servizi potrebbero non funzionare correttamente e non potrai accedere a numerose funzionalit\u00e0 pensate per ottimizzare la tua esperienza di navigazione nel sito. Per maggiori informazioni sulla gestione o la disabilitazione dei cookie del browser, consulta l\u2019ultima sezione della presente Politica sui cookie.<\/p>\n<p>Utilizziamo varie tipologie di cookie con funzioni diverse.<\/p>\n<p>1. Cookie strettamente necessari<\/p>\n<p>Questi cookie sono fondamentali per poter navigare sul sito Web e utilizzare alcune funzionalit\u00e0. Senza i cookie strettamente necessari, i servizi online che hai richiesto, non possono essere forniti.<\/p>\n<p>Non \u00e8 necessario fornire il consenso per i cookie strettamente necessari, poich\u00e9 sono indispensabili per assicurarti i servizi richiesti.<\/p>\n<p>2. Cookie per le prestazioni<\/p>\n<p>\u00c8 possibile che da parte nostra vengano inseriti dei cookie per le prestazioni nel tuo dispositivo di navigazione. Le informazioni raccolte mediante i cookie per le prestazioni sono utilizzate esclusivamente da noi o nel nostro interesse.<\/p>\n<p>I cookie per le prestazioni raccolgono informazioni anonime relative al modo in cui gli utenti utilizzano il sito Web e le sue varie funzionalit\u00e0. Ad esempio, i nostri cookie per le prestazioni raccolgono informazioni in merito alle pagine del sito che visiti pi\u00f9 spesso e alle nostre pubblicit\u00e0 che compaiono su altri siti Web con cui interagisci, oltre a verificare se apri e leggi le comunicazioni che ti inviamo e se ricevi messaggi di errore. Le informazioni raccolte possono essere utilizzate per personalizzare la tua esperienza online mostrando contenuti specifici. I cookie per le prestazioni servono anche per limitare il numero di visualizzazioni di uno stesso annuncio pubblicitario. I nostri cookie per le prestazioni non raccolgono informazioni di carattere personale.<\/p>\n<p>Continuando a utilizzare questo sito Web e le sue funzionalit\u00e0, autorizzi noi (e gli inserzionisti esterni di questo sito Web) a inserire cookie per le prestazioni nel tuo dispositivo di navigazione.<\/p>\n<p>Per eliminare o gestire i cookie per le prestazioni, consultare l\u2019ultima sezione della presente Politica sui cookie.<\/p>\n<p>3. Cookie per funzionalit\u00e0<\/p>\n<p>\u00c8 possibile che da parte nostra vengano inseriti dei cookie per funzionalit\u00e0 nel tuo dispositivo di navigazione. Non condividiamo le informazioni raccolte mediante i cookie per funzionalit\u00e0 con i nostri inserzionisti n\u00e9 con terzi.<\/p>\n<p>Questi cookie sono utilizzati per memorizzare le scelte che effettui (preferenza della lingua, paese o altre impostazioni online) e per fornirti le funzionalit\u00e0 personalizzate od ottimizzate che hai selezionato. I cookie per funzionalit\u00e0 possono essere utilizzati per offrirti servizi online o per evitare che ti vengano offerti servizi che hai rifiutato in passato.<\/p>\n<p>In alcuni casi, possiamo autorizzare inserzionisti o terze parti a fornirti contenuti e altre esperienze online tramite questo sito Web. In questo caso, la terza parte in questione potrebbe inserire i propri cookie per funzionalit\u00e0 nel tuo dispositivo e utilizzarli, in modo analogo a noi, al fine di fornirti funzionalit\u00e0 personalizzate e ottimizzare la tua esperienza d\u2019uso. Selezionando opzioni e impostazioni personalizzate o funzionalit\u00e0 ottimizzate, autorizzi l\u2019utilizzo da parte nostra (e di terzi) dei cookie per funzionalit\u00e0 necessari a offrirti tali esperienze.<\/p>\n<p>Eliminando i cookie per funzionalit\u00e0, le preferenze o le impostazioni selezionate non verranno memorizzate per visite future.<\/p>\n<p>Abilitazione\/disabilitazione di cookie tramite il browser<\/p>\n<p>Esistono diversi modi per gestire i cookie e altre tecnologie di tracciabilit\u00e0. Modificando le impostazioni del browser, puoi accettare o rifiutare i cookie o decidere di ricevere un messaggio di avviso prima di accettare un cookie dai siti Web visitati. Ti ricordiamo che disabilitando completamente i cookie nel browser potresti non essere in grado di utilizzare tutte le nostre funzionalit\u00e0 interattive.<\/p>\n<p>Se utilizzi pi\u00f9 computer in postazioni diverse, assicurati che ogni browser sia impostato in modo da soddisfare le tue preferenze.<\/p>\n<p>Puoi eliminare tutti i cookie installati nella cartella dei cookie del tuo browser. Ciascun browser presenta procedure diverse per la gestione delle impostazioni. Fai clic su uno dei collegamenti sottostanti per ottenere istruzioni specifiche.<\/p>\n<p>Microsoft Windows Explorer<\/p>\n<p>Google Chrome<\/p>\n<p>Mozilla Firefox<\/p>\n<p>Apple Safari<\/p>\n","protected":false},"excerpt":{"rendered":"<p>Cookie Policy Sito web: https:\/\/www.carduccigaeta.edu.it\/\/ Politica Sui Cookie: Il sito web sul dominio https:\/\/www.carduccigaeta.edu.it\/ NON UTILIZZA Cookie di terze parti, utilizza solo Cookie tecnici che non richiedono il consenso. Cookie tecnici che non richiedono consenso I [&hellip;]<\/p>\n","protected":false},"author":1,"featured_media":0,"parent":0,"menu_order":0,"comment_status":"closed","ping_status":"closed","template":"","meta":{"footnotes":""},"tags":[767],"class_list":["post-1611","page","type-page","status-publish","hentry","tag-istituto"],"_links":{"self":[{"href":"https:\/\/www.carduccigaeta.edu.it\/scuola\/index.php?rest_route=\/wp\/v2\/pages\/1611","targetHints":{"allow":["GET"]}}],"collection":[{"href":"https:\/\/www.carduccigaeta.edu.it\/scuola\/index.php?rest_route=\/wp\/v2\/pages"}],"about":[{"href":"https:\/\/www.carduccigaeta.edu.it\/scuola\/index.php?rest_route=\/wp\/v2\/types\/page"}],"author":[{"embeddable":true,"href":"https:\/\/www.carduccigaeta.edu.it\/scuola\/index.php?rest_route=\/wp\/v2\/users\/1"}],"replies":[{"embeddable":true,"href":"https:\/\/www.carduccigaeta.edu.it\/scuola\/index.php?rest_route=%2Fwp%2Fv2%2Fcomments&post=1611"}],"version-history":[{"count":1,"href":"https:\/\/www.carduccigaeta.edu.it\/scuola\/index.php?rest_route=\/wp\/v2\/pages\/1611\/revisions"}],"predecessor-version":[{"id":1612,"href":"https:\/\/www.carduccigaeta.edu.it\/scuola\/index.php?rest_route=\/wp\/v2\/pages\/1611\/revisions\/1612"}],"wp:attachment":[{"href":"https:\/\/www.carduccigaeta.edu.it\/scuola\/index.php?rest_route=%2Fwp%2Fv2%2Fmedia&parent=1611"}],"wp:term":[{"taxonomy":"post_tag","embeddable":true,"href":"https:\/\/www.carduccigaeta.edu.it\/scuola\/index.php?rest_route=%2Fwp%2Fv2%2Ftags&post=1611"}],"curies":[{"name":"wp","href":"https:\/\/api.w.org\/{rel}","templated":true}]}}